
42
Calculate the highest common divisor of 28 and 126.
14
Calculate the highest common divisor of 380 and 62890.
190
Calculate the highest common factor of 1842 and 6.
6
Calculate the greatest common factor of 102 and 114.
6
What is the greatest common divisor of 145 and 9715?
145
Calculate the highest common divisor of 371 and 91.
7
What is the highest common divisor of 6 and 2598?
6
Calculate the highest common factor of 225 and 108.
9
Calculate the highest common divisor of 638 and 754.
58
Calculate the highest common divisor of 140 and 120.
20
What is the highest common factor of 871 and 6030?
67
Calculate the highest common factor of 58 and 37874.
58
Calculate the highest common factor of 2227 and 68.
17
What is the highest common divisor of 888 and 96?
24
What is the greatest common factor of 180 and 4230?
90
What is the highest common divisor of 518 and 14?
14
What is the highest common factor of 27 and 14796?
27
What is the greatest common divisor of 51 and 12240?
51
Calculate the highest common divisor of 20 and 460.
20
What is the greatest common factor of 206 and 18334?
206
Calculate the highest common divisor of 1564 and 408.
68
Calculate the greatest common factor of 616 and 22.
22
What is the highest common divisor of 40 and 6620?
20
Calculate the highest common factor of 972 and 36.
36
Calculate the highest common divisor of 295 and 5.
5
Calculate the highest common factor of 40 and 5140.
20
Calculate the highest common factor of 12208 and 48.
16
Calculate the highest common factor of 780 and 60.
60
Calculate the highest common factor of 10 and 920.
10
What is the highest common divisor of 33 and 1991?
11
Calculate the highest common factor of 51 and 204.
51
What is the highest common factor of 110 and 1870?
110
What is the highest common factor of 1859 and 11?
11
Calculate the greatest common divisor of 2079 and 7.
7
What is the greatest common factor of 41 and 2542?
41
Calculate the highest common factor of 42 and 231.
21
What is the greatest common divisor of 138 and 57?
3
What is the greatest common factor of 392 and 42?
14
Calculate the highest common divisor of 14 and 5257.
7
What is the greatest common divisor of 182 and 7826?
182
What is the greatest common factor of 720 and 5?
5
What is the greatest common divisor of 28 and 133?
7
What is the greatest common factor of 595 and 140?
35
Calculate the greatest common factor of 3410 and 220.
110
What is the highest common factor of 296 and 111?
37
Calculate the highest common divisor of 228 and 81852.
228
Calculate the highest common divisor of 420 and 56.
28
What is the highest common divisor of 14 and 42?
14
Calculate the highest common divisor of 178 and 14.
2
Calculate the highest common factor of 22 and 16753.
11
What is the greatest common divisor of 5405 and 1410?
235
What is the highest common divisor of 162 and 3483?
81
What is the highest common factor of 147 and 420?
21
Calculate the highest common divisor of 451 and 410.
41
What is the greatest common divisor of 17 and 3842?
17
What is the greatest common divisor of 77 and 35?
7
Calculate the highest common divisor of 40 and 100.
20
Calculate the highest common factor of 23 and 1909.
23
What is the greatest common factor of 110 and 44?
22
Calculate the greatest common factor of 54 and 15822.
54
Calculate the greatest common divisor of 24886 and 46.
46
What is the greatest common factor of 423 and 288?
9
Calculate the greatest common factor of 920 and 18584.
184
What is the highest common divisor of 2 and 1558?
2
What is the greatest common divisor of 12 and 9924?
12
What is the greatest common divisor of 8094 and 355?
71
What is the greatest common factor of 4960 and 16?
16
What is the greatest common factor of 144 and 252?
36
Calculate the greatest common factor of 36 and 16.
4
Calculate the highest common factor of 20527 and 13.
13
What is the highest common divisor of 5632 and 44?
44
Calculate the highest common factor of 135 and 75.
15
Calculate the greatest common divisor of 40 and 17960.
40
What is the greatest common divisor of 42 and 672?
42
What is the greatest common factor of 5 and 16555?
5
Calculate the greatest common divisor of 9250 and 74.
74
Calculate the highest common factor of 172 and 387.
43
What is the highest common factor of 138 and 2?
2
What is the greatest common divisor of 28 and 12?
4
What is the greatest common factor of 177 and 472?
59
Calculate the highest common divisor of 72 and 128.
8
What is the highest common factor of 12392 and 8?
8
Calculate the greatest common factor of 15 and 1165.
5
What is the highest common divisor of 45 and 27?
9
What is the greatest common factor of 4 and 1714?
2
Calculate the greatest common factor of 675 and 144.
9
Calculate the highest common factor of 70 and 100.
10
What is the greatest common divisor of 78 and 897?
39
What is the greatest common divisor of 406 and 98?
14
What is the highest common divisor of 44 and 34188?
44
Calculate the highest common factor of 38 and 162.
2
Calculate the greatest common factor of 143 and 52.
13
Calculate the highest common factor of 1168 and 657.
73
What is the greatest common divisor of 195 and 325?
65
What is the greatest common factor of 13 and 1313?
13
What is the highest common factor of 2196 and 36?
36
Calculate the greatest common factor of 48 and 16.
16
Calculate the highest common divisor of 4818 and 66.
66
Calculate the greatest common factor of 791 and 56.
7
Calculate the greatest common divisor of 558 and 36.
18
Calculate the highest common divisor of 28 and 140.
28
What is the greatest common divisor of 112 and 176?
16
What is the greatest common factor of 24 and 7032?
24
Calculate the greatest common divisor of 112 and 5072.
16
Calculate the greatest common divisor of 3 and 3063.
3
Calculate the greatest common factor of 204 and 7616.
68
Calculate the highest common divisor of 465 and 9455.
155
What is the highest common factor of 50 and 110?
10
Calculate the greatest common factor of 132 and 594.
66
Calculate the greatest common divisor of 33472 and 16.
16
What is the greatest common factor of 202 and 505?
101
What is the highest common factor of 27 and 17217?
9
Calculate the highest common factor of 36 and 28.
4
What is the highest common divisor of 1444 and 532?
76
Calculate the highest common divisor of 1474 and 22.
22
Calculate the greatest common divisor of 54 and 522.
18
Calculate the highest common divisor of 24 and 1020.
12
Calculate the highest common divisor of 92 and 2116.
92
What is the greatest common factor of 21 and 168?
21
What is the highest common divisor of 370 and 310?
10
Calculate the highest common factor of 1280 and 90.
10
What is the greatest common divisor of 16 and 776?
8
What is the greatest common factor of 112 and 3976?
56
Calculate the highest common divisor of 65 and 117.
13
Calculate the greatest common divisor of 96 and 2328.
24
What is the highest common factor of 6264 and 6032?
232
What is the greatest common factor of 20 and 8980?
20
What is the highest common divisor of 1357 and 826?
59
Calculate the highest common divisor of 198 and 36.
18
Calculate the highest common divisor of 53 and 3127.
53
Calculate the greatest common divisor of 56 and 42.
14
Calculate the greatest common factor of 3760 and 240.
80
What is the highest common factor of 358 and 29893?
179
What is the greatest common divisor of 24 and 390?
6
Calculate the highest common factor of 130 and 50.
10
What is the greatest common divisor of 84 and 24423?
21
Calculate the highest common divisor of 12 and 126.
6
What is the greatest common divisor of 13 and 316?
1
Calculate the highest common divisor of 3901 and 2324.
83
Calculate the highest common divisor of 279 and 36.
9
Calculate the highest common divisor of 4 and 74.
2
What is the highest common divisor of 153 and 36?
9
What is the greatest common factor of 65 and 20?
5
Calculate the greatest common factor of 817 and 456.
19
Calculate the greatest common divisor of 2224 and 1529.
139
Calculate the highest common factor of 3396 and 12.
12
Calculate the highest common factor of 12 and 7892.
4
Calculate the greatest common factor of 64 and 1712.
16
Calculate the highest common divisor of 6 and 1226.
2
What is the greatest common divisor of 1